factors of 9107179.
9107179
What are the prime factors of 2051370?
2, 3, 5, 23, 991
List the prime factors of 15675084.
2, 3, 435419
What are the prime factors of 7084831?
13, 233, 2339
What are the prime factors of 7718929?
1259, 6131
What are the prime factors of 361939?
113, 3203
List the prime factors of 6874943.
29, 237067
What are the prime factors of 362620?
2, 5, 18131
What are the prime factors of 141843?
3, 13, 3637
What are the prime factors of 47443?
11, 19, 227
What are the prime factors of 41556?
2, 3, 3463
What are the prime factors of 382703?
382703
What are the prime factors of 324682?
2, 67, 2423
List the prime factors of 11638739.
7, 61, 97, 281
List the prime factors of 74524.
2, 31, 601
List the prime factors of 1128394.
2, 564197
What are the prime factors of 8586?
2, 3, 53
What are the prime factors of 849622?
2, 424811
What are the prime factors of 16929503?
31, 73, 7481
What are the prime factors of 1810636?
2, 17, 26627
List the prime factors of 5939786.
2, 31, 95803
List the prime factors of 12748846.
2, 11, 367, 1579
What are the prime factors of 1119061?
151, 7411
What are the prime factors of 12544?
2, 7
List the prime factors of 3306169.
3306169
List the prime factors of 2176181.
7, 310883
List the prime factors of 519244.
2, 11, 11801
List the prime factors of 8266038.
2, 3, 11, 125243
List the prime factors of 649433.
89, 7297
What are the prime factors of 116050?
2, 5, 11, 211
List the prime factors of 450050.
2, 5, 9001
What are the prime factors of 464490?
2, 3, 5, 13, 397
What are the prime factors of 11631265?
5, 1453, 1601
What are the prime factors of 16562698?
2, 1321, 6269
List the prime factors of 22350670.
2, 5, 2235067
What are the prime factors of 6519593?
6519593
What are the prime factors of 6624152?
2, 17, 53, 919
What are the prime factors of 6514151?
7, 930593
List the prime factors of 243875.
5, 1951
List the prime factors of 539715.
3, 5, 11, 3271
What are the prime factors of 20116?
2, 47, 107
What are the prime factors of 221116?
2, 7, 53, 149
List the prime factors of 26292512.
2, 821641
List the prime factors of 2715179.
83, 32713
List the prime factors of 1475374.
2, 737687
List the prime factors of 439900.
2, 5, 53, 83
List the prime factors of 9116210.
2, 5, 911621
List the prime factors of 627002.
2, 37, 229
What are the prime factors of 4019725?
5, 160789
List the prime factors of 5473462.
2, 179, 15289
What are the prime factors of 10979104?
2, 43, 79, 101
List the prime factors of 5019647.
47, 106801
List the prime factors of 2024217.
3, 13, 73, 79
What are the prime factors of 8405037?
3, 933893
What are the prime factors of 155049?
3, 51683
List the prime factors of 18252836.
2, 7, 103, 6329
What are the prime factors of 1944086?
2, 17, 57179
List the prime factors of 277307.
43, 6449
What are the prime factors of 133335?
3, 5, 2963
List the prime factors of 10375333.
53, 195761
List the prime factors of 15413284.
2, 3853321
What are the prime factors of 39582440?
2, 5, 989561
What are the prime factors of 4486080?
2, 3, 5, 4673
List the prime factors of 186529.
7, 26647
List the prime factors of 1876442.
2, 457, 2053
What are the prime factors of 2113008?
2, 3, 44021
List the prime factors of 1963303.
23, 85361
List the prime factors of 1727053.
1091, 1583
What are the prime factors of 504449?
11, 379
What are the prime factors of 40987?
17, 2411
List the prime factors of 28817388.
2, 3, 800483
List the prime factors of 5840553.
3, 1946851
What are the prime factors of 150520?
2, 5, 53, 71
What are the prime factors of 3073460?
2, 5, 13, 11821
What are the prime factors of 186601?
186601
List the prime factors of 220776.
2, 3, 9199
List the prime factors of 667530.
2, 3, 5, 7417
What are the prime factors of 59137?
13, 4549
List the prime factors of 20633615.
5, 79, 52237
What are the prime factors of 1839578?
2, 13, 70753
List the prime factors of 996738.
2, 3, 271, 613
List the prime factors of 55641.
3, 17, 1091
What are the prime factors of 8161956?
2, 3, 11, 20611
List the prime factors of 6663214.
2, 29, 114883
What are the prime factors of 111068?
2, 27767
What are the prime factors of 241745?
5, 7, 6907
What are the prime factors of 405639?
3, 13, 3467
List the prime factors of 3122148.
2, 3, 260179
List the prime factors of 1030715.
5, 7, 601
List the prime factors of 11430059.
11430059
List the prime factors of 313160.
2, 5, 7829
What are the prime factors of 511379?
11, 46489
List the prime factors of 12087616.
2, 188869
List the prime factors of 140679.
3, 7, 11, 29
List the prime factors of 9300444.
2, 3, 775037
List the prime factors of 304175.
5, 23
What are the prime factors of 812168?
2, 7, 14503
What are the prime factors of 17294825?
5, 41, 47, 359
What are the prime factors of 5412797?
13, 23, 43, 421
What are the prime factors of 1111281?
3, 370427
List the prime factors of 2204052.
2, 3, 61, 3011
List the prime factors of 4401292.
2, 7, 157189
List the prime factors of 448784.
2, 7, 4007
What are the prime factors of 790337?
29, 27253
List the prime factors of 6587346.
2, 3, 1097891
List the prime factors of 4141445.
5, 7, 11, 31, 347
What are the prime factors of 303648?
2, 3, 3163
List the prime factors of 350004.
2, 3, 29167
List the prime factors of 9534408.
2, 3, 13, 30559
What are the prime factors of 198164?
2, 107, 463
What are the prime factors of 122192?
2, 7, 1091
What are the prime factors of 13761299?
37, 371927
List the prime factors of 34602980.
2, 5, 1730149
What are the prime factors of 2793715?
5, 29, 19267
What are the prime factors of 225564?
2, 3, 18797
What are the prime factors of 12308342?
2, 6154171
List the prime factors of 1134546.
2, 3, 7, 17, 227
What are the prime factors of 4392433?
4392433
List the prime factors of 6383579.
1993, 3203
List the prime factors of 3010538.
2, 47, 32027
What are the prime factors of 7427181?
3, 17, 137, 1063
List the prime factors of 8096086.
2, 4048043
What are the prime factors of 75747?
3, 7, 3607
List the prime factors of 351614.
2, 19, 487
What are the prime factors of 345226?
2, 7, 24659
List the prime factors of 723090.
2, 3, 5, 24103
What are the prime factors of 5710099?
37, 43, 97
What are the prime factors of 1788075?
3, 5, 883
List the prime factors of 1170856.
2, 19, 7703
What are the prime factors of 510113?
293, 1741
List the prime factors of 12828270.
2, 3, 5, 7, 13, 37, 127
List the prime factors of 4479762.
2, 3, 7, 106661
What are the prime factors of 986114?
2, 239, 2063
List the prime factors of 89282.
2, 44641
What are the prime factors of 607897?
233, 2609
List the prime factors of 5157978.
2, 3, 7, 127, 967
What are the prime factors of 548717?
13, 42209
What are the prime factors of 189677?
19, 67, 149
List the prime factors of 12157768.
2, 7, 107, 2029
List the prime factors of 46664.
2, 19, 307
List the prime factors of 47982.
2, 3, 11, 727
List the prime factors of 1375807.
1375807
What are the prime factors of 190688?
2, 59, 101
What are the prime factors of 324618?
2, 3, 7, 59, 131
What are the prime factors of 11552478?
2, 3, 7, 275059
List the prime factors of 996935.
5, 23, 8669
List the prime factors of 20159745.
3, 5, 1343983
What are the prime factors of 53834?
2, 11, 2447
List the prime factors of 7519994.
2, 1627, 2311
List the prime factors of 7826469.
3, 7, 372689
What are the prime factors of 776612?
2, 31, 6263
What are the prime factors of 11215687?
7, 1602241
List the prime factors of 28278646.
2, 11, 1285393
What are the prime factors of 1266318?
2, 3, 70351
What are the prime factors of 3803500?
2, 5, 7607
List the prime factors of 304718.
2, 151, 1009
What are the prime factors of 290515?
5, 97, 599
List the prime factors of 1087241.
1087241
List the prime factors of 993634.
2, 496817
What are the prime factors of 26906060?
2, 5, 1345303
List the prime factors of 837069.
3, 279023
List the prime factors of 803365.
5, 31, 71, 73
What are the prime factors of 476475?
3, 5, 6353
What are the prime factors of 563533?
17, 33149
List the prime factors of 138300.
2, 3, 5, 461
List the prime factors of 3095491.
7, 109, 4057
List the prime factors of 1838.
2, 919
What are the prime factors of 163259?
163259
List the prime factors of 946233.
3, 105137
Wha